{"id":47,"date":"2018-05-24T12:37:16","date_gmt":"2018-05-24T12:37:16","guid":{"rendered":"http:\/\/holzbau-brunke.de\/?page_id=47"},"modified":"2021-11-16T18:01:38","modified_gmt":"2021-11-16T18:01:38","slug":"leistungen","status":"publish","type":"page","link":"https:\/\/brunke-holzbau.de\/?page_id=47","title":{"rendered":"Leistungen"},"content":{"rendered":"\n<h2>Unsere Leistungen auf einen Blick<\/h2>\n\n\n\n<div class=\"wp-container-2 wp-block-columns\">\n<div class=\"wp-container-1 wp-block-column\" style=\"flex-basis:100%\">\n<p>Dachstuhlerstellung und -sanierung jeglicher Art<\/p>\n\n\n\n<p>Fachwerkerstellung und -erneuerung<\/p>\n\n\n\n<p>Erstellung von Fachwerkh\u00e4usern<\/p>\n\n\n\n<p>Erstellung von Holzrahmenbauh\u00e4usern (Energiesparh\u00e4user)<\/p>\n\n\n\n<p>Erstellung von Winterg\u00e4rten<\/p>\n\n\n\n<p>Erstellung von Carports<\/p>\n\n\n\n<p>Hallenbauten<\/p>\n<\/div>\n<\/div>\n\n\n\n<h1>Wir unterst\u00fctzen Sie<\/h1>\n\n\n\n<p>pers\u00f6nliche Beratung<\/p>\n\n\n\n<p>Bedarfsermittlung<\/p>\n\n\n\n<p>Projektierung<\/p>\n\n\n\n<p>Zeichnungserstellung<\/p>\n\n\n\n<p>Ausf\u00fchrung mit Zuschnitt im eigenem S\u00e4gewerk<\/p>\n\n\n\n<p>rechnergest\u00fctzte Abbunderstellung<\/p>\n\n\n\n<h1>Unsere Ausstattung<\/h1>\n\n\n\n<div class=\"wp-container-5 wp-block-columns\">\n<div class=\"wp-container-4 wp-block-column\" style=\"flex-basis:100%\">\n<div class=\"wp-container-3 wp-block-group\"><div class=\"wp-block-group__inner-container\">\n<p>Rechnergest\u00fctzte Abbundanlage<\/p>\n\n\n\n<p>Zimmerei<\/p>\n\n\n\n<p>Montagekran<\/p>\n<\/div><\/div>\n<\/div>\n<\/div>\n\n\n\n<p><\/p>\n","protected":false},"excerpt":{"rendered":"<p>Unsere Leistungen auf einen Blick Dachstuhlerstellung und -sanierung jeglicher Art Fachwerkerstellung und -erneuerung Erstellung von Fachwerkh\u00e4usern Erstellung von Holzrahmenbauh\u00e4usern (Energiesparh\u00e4user) Erstellung von Winterg\u00e4rten Erstellung von Carports Hallenbauten Wir unterst\u00fctzen Sie pers\u00f6nliche Beratung Bedarfsermittlung Projektierung Zeichnungserstellung Ausf\u00fchrung mit Zuschnitt im eigenem S\u00e4gewerk rechnergest\u00fctzte Abbunderstellung Unsere Ausstattung Rechnergest\u00fctzte Abbundanlage Zimmerei Montagekran<\/p>\n","protected":false},"author":1,"featured_media":0,"parent":0,"menu_order":0,"comment_status":"closed","ping_status":"closed","template":"","meta":[],"_links":{"self":[{"href":"https:\/\/brunke-holzbau.de\/index.php?rest_route=\/wp\/v2\/pages\/47"}],"collection":[{"href":"https:\/\/brunke-holzbau.de\/index.php?rest_route=\/wp\/v2\/pages"}],"about":[{"href":"https:\/\/brunke-holzbau.de\/index.php?rest_route=\/wp\/v2\/types\/page"}],"author":[{"embeddable":true,"href":"https:\/\/brunke-holzbau.de\/index.php?rest_route=\/wp\/v2\/users\/1"}],"replies":[{"embeddable":true,"href":"https:\/\/brunke-holzbau.de\/index.php?rest_route=%2Fwp%2Fv2%2Fcomments&post=47"}],"version-history":[{"count":10,"href":"https:\/\/brunke-holzbau.de\/index.php?rest_route=\/wp\/v2\/pages\/47\/revisions"}],"predecessor-version":[{"id":107,"href":"https:\/\/brunke-holzbau.de\/index.php?rest_route=\/wp\/v2\/pages\/47\/revisions\/107"}],"wp:attachment":[{"href":"https:\/\/brunke-holzbau.de\/index.php?rest_route=%2Fwp%2Fv2%2Fmedia&parent=47"}],"curies":[{"name":"wp","href":"https:\/\/api.w.org\/{rel}","templated":true}]}}